vided by 3538.
2855
What is the remainder when 286814 is divided by 286660?
154
Calculate the remainder when 48843587 is divided by 1723.
1706
What is the remainder when 13097221 is divided by 2073?
7
Calculate the remainder when 9375687 is divided by 1875132.
27
Calculate the remainder when 2897 is divided by 1160.
577
What is the remainder when 83640 is divided by 1040?
440
Calculate the remainder when 138893 is divided by 132142.
6751
Calculate the remainder when 203294 is divided by 1920.
1694
Calculate the remainder when 8144669 is divided by 63630.
29
What is the remainder when 5456531 is divided by 10720?
51
What is the remainder when 1376455 is divided by 68813?
195
What is the remainder when 80128191 is divided by 6163707?
0
Calculate the remainder when 2933 is divided by 642.
365
What is the remainder when 170020 is divided by 169731?
289
Calculate the remainder when 8540783 is divided by 55.
53
What is the remainder when 11977 is divided by 3255?
2212
What is the remainder when 545185 is divided by 545182?
3
Calculate the remainder when 1192870 is divided by 95.
50
What is the remainder when 3347238 is divided by 3347235?
3
What is the remainder when 464769 is divided by 464560?
209
Calculate the remainder when 2444012 is divided by 25196.
0
What is the remainder when 611348 is divided by 49?
24
What is the remainder when 14524 is divided by 213?
40
What is the remainder when 182 is divided by 158?
24
Calculate the remainder when 3136495 is divided by 5012.
3995
What is the remainder when 4369912 is divided by 229994?
26
Calculate the remainder when 49195 is divided by 97.
16
Calculate the remainder when 964713 is divided by 964710.
3
What is the remainder when 1662755 is divided by 195?
185
Calculate the remainder when 36967 is divided by 15884.
5199
What is the remainder when 479070 is divided by 607?
147
What is the remainder when 1665414 is divided by 71?
38
Calculate the remainder when 83571833 is divided by 1670.
23
Calculate the remainder when 888957702 is divided by 645.
642
What is the remainder when 27966870 is divided by 1543?
1538
Calculate the remainder when 20717379 is divided by 1650.
1629
Calculate the remainder when 36466269 is divided by 1831.
73
Calculate the remainder when 22906877 is divided by 157.
106
Calculate the remainder when 1307148 is divided by 1184.
12
Calculate the remainder when 120178 is divided by 3868.
270
What is the remainder when 1039291 is divided by 346373?
172
Calculate the remainder when 18148882 is divided by 5498.
5482
Calculate the remainder when 45978769 is divided by 5846.
5825
What is the remainder when 118450 is divided by 475?
175
What is the remainder when 653798 is divided by 16759?
197
What is the remainder when 52584543 is divided by 52584540?
3
Calculate the remainder when 1018124 is divided by 687.
677
What is the remainder when 15086 is divided by 2239?
1652
What is the remainder when 24357627 is divided by 22?
19
Calculate the remainder when 6431487 is divided by 6431467.
20
What is the remainder when 85494 is divided by 7124?
6
Calculate the remainder when 24324439 is divided by 900.
139
What is the remainder when 2777254 is divided by 11156?
10566
Calculate the remainder when 1909045 is divided by 2133.
10
Calculate the remainder when 98135 is divided by 9747.
665
Calculate the remainder when 51289169 is divided by 1343.
1342
Calculate the remainder when 467328 is divided by 931.
897
Calculate the remainder when 31959220 is divided by 16.
4
What is the remainder when 218551 is divided by 109275?
1
Calculate the remainder when 192829 is divided by 14.
7
Calculate the remainder when 2465064 is divided by 938.
0
What is the remainder when 11736 is divided by 724?
152
What is the remainder when 108715 is divided by 11532?
4927
Calculate the remainder when 6854372 is divided by 736.
4
Calculate the remainder when 389488426 is divided by 9.
7
Calculate the remainder when 1455688 is divided by 603.
46
What is the remainder when 315475 is divided by 7167?
127
Calculate the remainder when 67917620 is divided by 1331718.
2
Calculate the remainder when 13620642 is divided by 50.
42
Calculate the remainder when 139261 is divided by 1352.
5
What is the remainder when 456045 is divided by 148?
57
What is the remainder when 8944 is divided by 2616?
1096
Calculate the remainder when 772494 is divided by 868.
842
Calculate the remainder when 6478581 is divided by 36193.
34
What is the remainder when 92163702 is divided by 113?
111
Calculate the remainder when 775432 is divided by 43079.
10
Calculate the remainder when 76349532 is divided by 238.
84
Calculate the remainder when 110538 is divided by 4673.
3059
What is the remainder when 673438 is divided by 319?
29
Calculate the remainder when 130095 is divided by 487.
66
Calculate the remainder when 534479 is divided by 1080.
959
Calculate the remainder when 17888228 is divided by 115.
93
What is the remainder when 301110 is divided by 2008?
1918
Calculate the remainder when 2398228 is divided by 816.
4
What is the remainder when 401964 is divided by 39?
30
What is the remainder when 132467255 is divided by 5112?
5111
What is the remainder when 979911 is divided by 2263?
32
Calculate the remainder when 333383980 is divided by 5657.
5656
What is the remainder when 287691 is divided by 143819?
53
What is the remainder when 2300928 is divided by 347?
318
What is the remainder when 2066565 is divided by 805?
130
Calculate the remainder when 233542 is divided by 77207.
1921
What is the remainder when 257898 is divided by 128900?
98
What is the remainder when 556344 is divided by 289?
19
Calculate the remainder when 435978 is divided by 188.
6
Calculate the remainder when 315807 is divided by 4201.
732
Calculate the remainder when 34378 is divided by 883.
824
What is the remainder when 5712702 is divided by 64?
62
What is the remainder when 288599 is divided by 11542?
49
Calculate the remainder when 5267903 is divided by 752548.
67
Calculate the remainder when 3685383 is divided by 758.
745
Calculate the remainder when 1681700 is divided by 8897.
167
What is the remainder when 45016 is divided by 42230?
2786
Calculate the remainder when 98187 is divided by 19.
14
Calculate the remainder when 41181 is divided by 10102.
773
Calculate the remainder when 1318900 is divided by 1318890.
10
What is the remainder when 3096328 is divided by 3096091?
237
What is the remainder when 337361644 is divided by 19844802?
10
Calculate the remainder when 1304977 is divided by 1588.
1229
Calculate the remainder when 56676 is divided by 3832.
3028
What is the remainder when 8181 is divided by 1969?
305
What is the remainder when 68439 is divided by 165?
129
What is the remainder when 2575810 is divided by 59?
47
Calculate the remainder when 2559481 is divided by 42658.
1
Calculate the remainder when 2670187 is divided by 667546.
3
Calculate the remainder when 2338371 is divided by 3561.
2355
Calculate the remainder when 301485 is divided by 363.
195
What is the remainder when 53250 is divided by 1122?
516
What is the remainder when 767078 is divided by 4482?
656
What is the remainder when 30387505 is divided by 2923?
2920
Calculate the remainder when 303187 is divided by 294.
73
Calculate the remainder when 55353132 is divided by 11070626.
2
What is the remainder when 435325 is divided by 29019?
40
What is the remainder when 663967 is divided by 12344?
9735
Calculate the remainder when 38751 is divided by 13.
11
Calculate the remainder when 58189351 is divided by 117.
103
What is the remainder when 191166 is divided by 190741?
425
Calculate the remainder when 206423 is divided by 10855.
178
Calculate the remainder when 1219329 is divided by 49.
13
What is the remainder when 59202671 is divided by 14?
3
What is the remainder when 1427995546 is divided by 42?
40
Calculate the remainder when 32591128 is divided by 28.
24
Calculate the remainder when 2256923 is divided by 14284.
51
What is the remainder when 40832505 is divided by 315?
0
What is the remainder when 69771237 is divided by 270?
267
What is the remainder when 1474246 is divided by 2709?
550
Calculate the remainder when 2509924 is divided by 834556.
6256
Calculate the remainder when 1974769 is divided by